
Suppose -41 + 230 = h. Suppose -5*r = -2*t + 69, -5*t - 4*r = -0*t - h. Is t a composite number?
False
Suppose -2*t - 4*q = -4, 0*t - 3 = -t - q. Let k be 33/6 - 2/t. Suppose 23 + 92 = k*n. Is n prime?
True
Let w(d) = 35*d**2 + 2*d - 13. Is w(6) a prime number?
True
Suppose 6 = -j + 2*j. Let u = -6 + j. Suppose -2*w - w + 117 = u. Is w composite?
True
Let t = -6 - -15. Suppose -5*c + t = -1. Suppose 5*s - s + 238 = 5*i, 3*i = c*s + 142. Is i a prime number?
False
Let i = -52 + -119. Let x = 260 + i. Is x a prime number?
True
Let x(d) = -d**3 - 2*d - 4. Let i be x(-6). Let k = i - 131. Is k prime?
False
Let x(d) = 6*d - 3. Let w(n) = n**2 + 6*n - 4. Let s be w(-7). Let z be x(s). Is 2/(-5) - (-981)/z composite?
True
Suppose 8 = 2*l - 8. Suppose -d + l = d. Suppose -d*a + 153 = 13. Is a composite?
True
Let a(z) = -3*z - 10. Let p(n) = 5*n - 2. Let o be p(4). Let q be (-4)/o - 122/18. Is a(q) composite?
False
Let l(q) = 2*q - 8. Let t be l(6). Let b = 53 - t. Is b prime?
False
Let q(m) = -5*m**3 + m + 1. Let s be q(-1). Let z(x) = 4 + x + 3 + s. Is z(-6) a composite number?
True
Suppose q - 36 = -4*v, q - 8 = -2*v + 12. Suppose 0 = -z + 2*z - 2*w + v, 0 = 4*z + w + 41. Is (-855)/z - 2/(-4) prime?
False
Let c(a) be the second derivative of -a**5/20 + 2*a**4/3 - a**3 - 3*a**2 - 6*a. Is c(5) prime?
False
Let a(w) = -6*w**3 + w**2 - 2*w + 3. Is a(-4) composite?
True
Is 1/((-1)/7)*-67 prime?
False
Let y(m) = m**3 + 8*m**2 - 7. Let j be ((-2)/(-4))/((-3)/36). Let a be y(j). Let k = a - 31. Is k a composite number?
True
Suppose -4*l = 3*a - 593, 5*l - 3*a + 28 = 776. Is l prime?
True
Let a be (8 - (-1 + -1)) + -1. Let p = a + -7. Suppose -69 = -5*o + p*o. Is o a prime number?
True
Let d be (-3)/(2*3/(-56)). Suppose d = -m - 30. Is m/(-4) - 4/8 prime?
False
Suppose 2*d - 4*c = 542, -4*d - 8*c + 3*c + 1045 = 0. Is d a composite number?
True
Suppose -2*c - 1557 = -3*q, 0*q - 3*c = 5*q - 2614. Is q a composite number?
False
Let x(u) = 3*u**2 + u + 5. Let c be x(-4). Let p = c - -4. Is p a prime number?
True
Let c = -21 + 312. Is c composite?
True
Suppose 5*i + 4*r - 650 = 0, 5*i - 3*r = -0*r + 685. Is i composite?
True
Let x = -18 - -13. Let d = x - -19. Is d composite?
True
Suppose 5*v = 192 + 3. Is v a prime number?
False
Is 4*(-121)/(-5) - (-3)/15 prime?
True
Let p = -34 - -53. Suppose 0 = 5*r - 84 + p. Is r a composite number?
False
Suppose 2*r + 6 = 0, 3*y - 2*r = -y - 18. Let k(t) = -t**2 - 7*t - 7. Let p be k(y). Is p/5 + 152/10 prime?
False
Let n(a) = 42*a + 3. Let p(v) = -24*v - 4. Let l(t) = -t - 1. Let f(q) = 3*l(q) - p(q). Let w(k) = -5*f(k) + 3*n(k). Is w(3) prime?
True
Let a(f) = -f**3 + f + 124. Suppose 0 + 2 = 4*g - t, 4*g - 4*t - 8 = 0. Let c be a(g). Suppose -5*m + 359 = c. Is m composite?
False
Let k = 84 - 47. Is k composite?
False
Let j = 2 - -1. Let b be (-246)/(-8) - 3/(-12). Suppose -c - i + b = 0, 2*c - 4*c + 62 = j*i. Is c a composite number?
False
Let i(t) be the second derivative of t**3/6 - 3*t**2/2 + 2*t. Let z be i(6). Let n = z - -4. Is n a composite number?
False
Let w(a) = -a**2 + 8*a + 12. Let m be w(9). Suppose m*o - 3*u = -8*u + 30, -2*u - 81 = -5*o. Is o prime?
False
Let f(u) = 5*u**3 - 2*u**2 + 4*u - 3. Let z = -8 + 13. Suppose 0 = -0*k - 2*k - z*j - 7, 5*j = -15. Is f(k) a composite number?
True
Let l(g) = 636*g**2 + 2*g - 3. Is l(2) prime?
False
Let s(g) = g**3 + 22*g**2 + 12*g - 26. Is s(-21) a prime number?
True
Let k(z) = 10*z + 3. Let l be k(3). Let m = l - 22. Is m composite?
False
Let u = -8 - -12. Suppose i + 3*x = -x + 3, -3*x = u*i - 12. Suppose -24 - 6 = -i*m. Is m prime?
False
Let g(w) = -w + 2. Let h be g(-2). Suppose -2*y = -h*m + 306, -394 = -3*m - 2*y - 147. Is m prime?
True
Suppose 7*k - 3*k - g - 1145 = 0, -3*k + 4*g + 849 = 0. Suppose 5*a - k = 2*y - 71, -2*y = 3*a - 120. Is (3 + -1)*a/4 a prime number?
False
Let d be -5*(-1 + 0/3). Let g = -2 - -2. Suppose g = d*v - 46 - 49. Is v composite?
False
Let q = 1 - -145. Let r = q + -33. Is r composite?
False
Let h(k) = -172*k. Let y be h(-1). Suppose -y = -w - 3*w. Suppose 5*c - 202 - w = 0. Is c composite?
True
Let l(a) = -a**3 + 2*a**2 - 2*a + 4367. Is l(0) composite?
True
Let j(x) = 3 + 3*x**2 + x**2 - 4*x**2 + 7*x**2 + 8*x. Let g be j(-5). Let f = g + 7. Is f a composite number?
True
Suppose 2*d - 8 = -0*d. Is (-8)/2 + (847 - d) composite?
False
Suppose 4*h = 5*r + 2*h - 11154, h = 5*r - 11152. Is (r/25)/(4/10) a composite number?
False
Let g(t) = -3*t + 2. Let s(p) = 7*p - 3. Let l(q) = 5*g(q) + 2*s(q). Let z be l(8). Is (-45 + -1)/(z - -2) a composite number?
False
Suppose -5*h = 5*a - 1895, 9*a - 4*a + 1137 = 3*h. Is h prime?
True
Let q(t) = t**2 + 4*t + 5. Suppose 3*h + 21 = 3*w, -3*h - 49 = 2*h + 2*w. Let b be q(h). Suppose b = 2*p + 3*c - 57, 4*p + 5*c - 215 = 0. Is p a prime number?
False
Let m be (-1)/2 - 75/(-6). Let c = m + -3. Is (-142)/(-6) + (-6)/c prime?
True
Is -7 + 1051 - (-2)/(2 + -4) composite?
True
Suppose 0 = -4*f - 255 - 17. Let x = -19 - f. Is x a prime number?
False
Let a(i) = -i**2 + 11*i - 6. Let m be a(8). Suppose -3*t = m - 87. Is t composite?
False
Let h(f) = 5*f - 6. Let y = 10 + -5. Is h(y) composite?
False
Suppose -15 + 19 = j. Suppose 0 = -u + 1, -j*a + 465 = a - 5*u. Is a composite?
True
Suppose 2*y - 977 = -5*v + 962, -4*y = 2*v - 3870. Is y prime?
True
Let h(x) = 17*x + 1. Suppose s - 3*t - 7 = -0*t, -14 = -3*s + 2*t. Let a be h(s). Suppose -3*g + a = j + 5, -2*j - g = -113. Is j a composite number?
True
Let w be 1 - 29 - 6/(-3). Let c = 41 + w. Is c a prime number?
False
Let m = 159 + 94. Is m prime?
False
Let d(q) = 5*q**3 + 5*q**2 - q - 16. Is d(7) prime?
False
Let o(y) = 10*y**2 + 3*y + 1. Let c(k) = -10*k**2 - 4*k - 1. Let v(i) = 4*c(i) + 5*o(i). Is v(1) a composite number?
True
Is (2/8)/(-3*(-2)/73608) a prime number?
True
Let s = -93 + -31. Suppose 4*q - 5*z = -54, 32 = -3*q + 2*z - 5. Let f = q - s. Is f prime?
True
Suppose 719 = 8*d - 201. Is d a composite number?
True
Suppose s - 4*r = 2*s - 126, 413 = 3*s + 5*r. Suppose -2*c - 2*h + s = 0, c - 46 = 2*h + 30. Suppose -210 = -5*v - 3*p - 25, -2*v + 2*p = -c. Is v prime?
True
Let k be (-4)/6 - (-1587)/(-9). Let d = k - -272. Is d a prime number?
False
Suppose -10*q = -9*q - 541. Is q a composite number?
False
Let u = -22 - -16. Let x be u*((-6)/(-4))/(-3). Suppose -2*b - 5 + 3 = -4*r, -3*b + x*r = -3. Is b a prime number?
True
Let a(k) = -k**2 + 5*k + 1. Let f be a(6). Let y(g) = -19*g. Let u be y(f). Let c = 150 - u. Is c a prime number?
False
Suppose -9*s - 4*s = -14417. Is s prime?
True
Let y(n) = n**2 + 6*n - 6. Let h be ((-30)/7)/((-1)/(-7)). Let u = 19 + h. Is y(u) a prime number?
False
Suppose 4*d - 4*m = -204, 8*d = 4*d + m - 195. Let q = d - -83. Is q prime?
False
Let a(m) = -15 + m - m**3 + 92 + 0*m**3. Is a(0) prime?
False
Is (-399 + -4)/(-1*1) a prime number?
False
Suppose 3*m - 252 = 195. Is m prime?
True
Let a(b) = b**2 + 0*b**2 + 2*b + 2*b - 7. Let y be a(-5). Is ((-7)/(-14))/(y/(-148)) composite?
False
Suppose 0 = -3*l + 23427 + 3378. Is l a prime number?
False
Suppose t + 36 = 5*t. Suppose -u - f = 3*u - 3, 5*f + t = 4*u. Is u/2 - 148/(-8) a composite number?
False
Suppose -2*f = 3*f - 555. Let n be 8 + (-2 - 0) - 2. Suppose 0 = n*j - 7*j + f. Is j composite?
False
Suppose -65 = -4*y - y. Let s(o) = -o**2 - 10*o - 9. Let t be s(-9). Is (-1 - t)/((-1)/y) a prime number?
True
Suppose t - x = 2*x + 49, 3*t - 137 = 4*x. Is t prime?
True
Suppose -5*h = -5*s + 10*s - 1135, -4*h = -5*s - 872. Is h composite?
False
Let v be 6/(-21) + 6/21. Suppose -3 = -i + c + 23, 3*c + 12 = v. Is i a composite number?
True
Let x be ((-40)/12)/((-2)/132). Suppose -3*v + x = v. Is v composite?
True
Let c(n) = 58*n + 11. Is c(11) composite?
True
Suppose -q - q = 10, 3*j - 4*q = 644. Suppose -2*w - 2*n = -j, n = 2*n. Suppose -4*t + w = 4*m, 2*t - 3*t = 3*m - 16. Is t a prime number?
True
Let l be 7 + -7 - (1 - 5). Suppose l*s - 231 = 29. Is s a composite number?
True
Suppose 4*m - 5 = 3*i, -6*i + i = -2*m - 15. Suppose i*h = 1497 + 2983. Is (-5)/15 + h/6 a composite number?
False
Let u(b) = -b**3 - 6*b**2 - 3*b - 6. Let o be u(-4). Let n = 61 + o. Is n prime?
False
Suppose 0 = -2*l - 0*b + b + 2199, -3312 = -3*l - 3*b. Is l composite?
True
Let g(h) = -3*h**2 + h